actor of 91 and n.
7
Suppose f - 48 = -2*f. Suppose -f*k + 4*k = -36. Calculate the greatest common divisor of 129 and k.
3
Suppose -4*a + 4*b = -404, a + 4*a - b - 497 = 0. Let d be a*(-3 - (-77)/21). What is the greatest common factor of d and 264?
66
Let m = -541895 - -542171. Let y = 34 + 35. What is the highest common factor of m and y?
69
Suppose -3*w - 2*w + 3*g + 1442 = 0, 4*w - 1164 = 5*g. Suppose -4*v = 2*n - 40, -5*n - 74*v = -73*v - 109. What is the highest common factor of w and n?
22
Let y be 0 + 2 + 8 + 5/(-5). Suppose 0 = -y*o + 38 + 52. Let d = 30 + -26. Calculate the highest common factor of d and o.
2
Suppose -3*p + 3 = 0, 5*v - 2*p = v - 18. Let i be (-95)/(-5) + v + -1. Calculate the highest common factor of 49 and i.
7
Suppose 0 = 4*c + 4*a - 2*a - 166, -4*c + 186 = -2*a. Suppose 5*h - 18*w = 323 + 101, -h = -5*w - 75. What is the highest common factor of c and h?
22
Suppose -16*x - 3*u - 5213 = -21*x, -2*x - 7*u = -2118. What is the highest common factor of 165 and x?
55
Let c be (23 + -24)/(2/(-232)). Let k = c + -60. Let g = -4 + 12. What is the highest common divisor of g and k?
8
Let y = -252 + 384. Suppose -216 = -25*f + 7*f. What is the highest common factor of y and f?
12
Suppose -2*h = 3*o - 2970, 983 = o + 2*h + h. Suppose -o = -17*m + 25*m. Let j = -85 - m. Calculate the highest common factor of 52 and j.
13
Let o = 162206 + -162199. Let s = -4 - -11. Calculate the highest common divisor of s and o.
7
Let b = -1054 - -1853. Let s be (3 + (-17 - 3))*(-4 - -3). Calculate the highest common divisor of s and b.
17
Suppose 81 = -4*m + 5*b + 2247, -4*b + 2687 = 5*m. Calculate the highest common divisor of m and 55.
11
Let d be (-495)/22*30/(-25) - 1. Calculate the greatest common divisor of d and 1781.
13
Let y(u) = u**2 + 2*u - 9. Suppose 253 = -8*q - 235. Let p = -57 - q. Let c be y(p). What is the greatest common factor of 15 and c?
15
Let v(i) = 31*i - 34 - 33 - 10*i - 14*i + 32*i. Let y be v(2). Calculate the greatest common divisor of 286 and y.
11
Suppose -8*t + 9*t - 54 = 0. Let f = t - 49. Suppose 1 = 4*q - f*w, 3*w - 3 - 2 = q. Calculate the highest common factor of q and 12.
4
Let m = -10144 - -10480. Calculate the greatest common divisor of 294 and m.
42
Suppose 8914 = 5*g + j, 0 = 2*g - 7*j + 1092 - 4628. What is the greatest common divisor of 330 and g?
66
Let x = 914 - 54. Calculate the highest common divisor of x and 80.
20
Suppose 0 = -3*n + 9, -4*f - 2663 = -5*n - 7768. Calculate the greatest common factor of f and 400.
80
Let a = -217 - 199. Let g be a*(14/(-20) + (-1)/(-5)). Suppose 2*y + 2*k - 42 - 184 = 0, 0 = 2*y - 4*k - g. What is the highest common factor of 44 and y?
22
Suppose -v - 19 = -c, -3*c = -0*c + v - 69. Let d(y) = y**2 - 16*y - 3. Let a be d(-12). Suppose -6*r = -a - 723. What is the highest common factor of c and r?
22
Let b(y) = -1137*y + 9168. Let v be b(8). Let r = -13 + 133. Calculate the greatest common divisor of r and v.
24
Suppose 0 = -10*f + 8*f + 76. Let p be (-14)/(168/(-10380)) + 9. Calculate the highest common factor of p and f.
38
Let a(d) = 12*d**2 + d + 1. Let t be a(-1). Suppose -i - 52*o + 84 = -56*o, -4*i = -o - 381. Calculate the greatest common factor of t and i.
12
Let a(d) = -12*d**3 + d**2 - 2*d - 2. Let j be a(-2). Suppose 4*u - 20 = -8. Let p(q) = -q + 37. Let o be p(u). Calculate the highest common divisor of j and o.
34
Let y = 327 - 403. Let v = 115 + y. What is the greatest common factor of v and 325?
13
Suppose 4*g - 6*g + 336 = 0. Suppose -b - 5*w + 81 = 0, -w - 127 = -2*b - 4*w. What is the highest common divisor of g and b?
56
Let s = 31 - 13. Suppose 868 = 4*q - 2*d + 3*d, -2*q + 4*d + 416 = 0. Suppose -35*b + 29*b = -q. What is the greatest common divisor of s and b?
18
Suppose -124*o + 553 = y - 122*o, 0 = 3*y - 4*o - 1689. What is the greatest common divisor of y and 172?
43
Suppose -2*g - 59*f = -56*f - 779, 0 = 2*g + f - 777. Calculate the greatest common factor of g and 3589.
97
Let t(y) = 12*y + 232. Let x be t(52). Suppose 4*v - 528 = 4*n + x, 4*n - 8 = 0. Calculate the highest common divisor of v and 60.
12
Suppose -31*u + 124480 + 103924 - 62988 = 0. What is the highest common divisor of 368 and u?
184
Suppose -1 = -5*z - 4*p, -382*p = -4*z - 385*p + 1. Calculate the greatest common factor of 256 and z.
1
Let c = 444 - -293. Suppose 8*u - 1903 = c. Calculate the highest common divisor of 66 and u.
66
Let y(p) be the first derivative of 13*p**2 - 38*p + 36. Let w be y(13). Calculate the greatest common factor of w and 12.
12
Let i be (6/2)/(1/2*-2). Let f be i/((-6)/4) - 400/(-16). Calculate the greatest common factor of 513 and f.
27
Suppose 16*l - 9*l - 8 = 5*l. What is the highest common factor of 1556 and l?
4
Let t = 72 + -36. Let m(x) = x**3 - 21*x**2 - 10*x - 12. Let p be m(22). Calculate the greatest common factor of p and t.
36
Let t = 97 + -97. Suppose -2*h = -t*h + 3*d - 24, h + 5*d = 19. Suppose 0 = s + 2*s + 2*c - 116, -s + 48 = 3*c. What is the highest common factor of h and s?
9
Let n = -293 + 312. Let i(g) = -2*g**3 + 38*g**2 + 2*g - 12. Let w be i(n). What is the highest common factor of w and 273?
13
Let r(i) = i**3 + 6*i**2 - 6*i - 48. Let z be r(-6). Let a be (z/10)/(-2) - 854/(-35). What is the greatest common factor of a and 100?
25
Let x(t) = 5*t**2 - 240*t + 147. Let j be x(49). What is the greatest common divisor of 98 and j?
98
Let n = -9920 + 10501. Calculate the greatest common divisor of n and 249.
83
Let l be 1088/26 - (-8)/39*123/164. Calculate the highest common factor of l and 978.
6
Suppose 3*u - 7*u = -88. Suppose -3*c + 5*x + 7 = 62, c + 2*x = -u. Let l be -3 - (152/c + 6/10). Calculate the highest common factor of 32 and l.
4
Let a be (-4 + (0 - -2))/((-28)/84). Let z be (12/a + -32)*-1. Calculate the highest common divisor of 6 and z.
6
Let w be (1 - 1 - -3) + (10 - 25). Let n be (-2)/3*72/w + 8. Calculate the highest common divisor of 96 and n.
12
Let s(b) = -8*b - 303. Let j be s(-39). Let x be (-4 - -8) + 3 + -46. Let z be -4 + x/(-2 - 1). What is the greatest common divisor of z and j?
9
Let c(r) = -29*r + 40. Let y(b) = 117*b - 158. Let v(n) = -9*c(n) - 2*y(n). Let w be v(5). What is the greatest common factor of 13 and w?
13
Let m = 76 + -45. Let o(s) = 6*s**2 + 4*s**2 - s**3 - 32*s + m*s + 12. Let g be o(10). Calculate the greatest common divisor of 4 and g.
2
Let r(q) = 8*q**2 + 7. Let b(c) = -c**2 + 8*c - 11. Let v be (-42)/(-3)*5/10. Let a be b(v). Let n be r(a). Calculate the highest common divisor of 54 and n.
27
Suppose 28 = -5*k + 4*v, -4*v + 13 = -3*k + 1. Let n be -2*(164/k - 1)*1. Calculate the highest common divisor of 301 and n.
43
Suppose 0 = -3*n - 3*n - 100 + 550. What is the highest common factor of 925 and n?
25
Let k be 1795 + 11/(-6)*6. Calculate the greatest common factor of 16 and k.
8
Suppose 80*a + 271*a = 2014595 + 751636. What is the highest common factor of a and 444?
111
Let y be 144/(-20)*7560/(-336). Calculate the highest common divisor of y and 7902.
18
Let f be 2 + 0 + -3 + (-15)/(-5). Let x be ((5/f - 3) + 0)*-2. Suppose 0 = 5*n + 2*u - 50, -2*n + 4*u + x = 5. Calculate the greatest common factor of n and 40.
8
Let g = 1092 + -957. What is the greatest common factor of 36 and g?
9
Suppose c + 3*f = 29, -67*f + 63*f + 52 = 2*c. Suppose -2*q + 3*x = -17 + 2, -3*q + 4*x = -25. What is the highest common divisor of q and c?
5
Let x(b) = b**3 - 5*b**2 + 7*b + 2. Let d be x(6). Let z be 10 - (23 + 13) - -42. What is the highest common factor of d and z?
16
Let c = 3492 - 2092. Let o = c - 696. What is the highest common factor of o and 22?
22
Let w be 9/(-27) - -2*(-61)/(-6). Suppose -3*q + 305 = w. Suppose q - 90 = 5*z. What is the greatest common factor of z and 9?
1
Suppose 16*f - 12*f + 1920 = 0. Let o be f/(-10) - (0 - 2). Calculate the greatest common divisor of 2 and o.
2
Suppose 5*t + 533 = 4*g - g, 5*g = 5*t + 875. Suppose 37 = 8*x - g. What is the highest common divisor of x and 91?
13
Let p = -564 + 4425. Suppose -7*h + p = 2*h. What is the highest common factor of 39 and h?
39
Let v = -5 - -11. Let c be 20 - (v/(-2))/(-3). Let r = -505 + 581. What is the greatest common divisor of r and c?
19
Let q = 290 - 224. Let a(s) = 2*s**3 + 2*s**2 + 10*s - 2. L